 (-2)/(h/30*-3). Let n = 8 + r. What is the units digit of n?
3
Suppose -n - 2*d = 9, -3*n + 3*d - 2*d = -1. Let b = 6 - n. Suppose -2*z = -b*z + 80. What is the tens digit of z?
1
Let k be 34/(-9) + 2/(-9). Suppose 0 = -5*v + 5*q - q + 22, 0 = 2*v + 3*q - 18. What is the units digit of (k - -1)*(-16)/v?
8
What is the tens digit of (660/45)/((-1)/(-3))?
4
Let n(v) = v**3 - 8*v. Let r be n(-4). Let y = r + 34. Suppose 232 = 4*f + 2*m, -m + 2*m = y. What is the units digit of f?
7
Let h(c) = 43*c**2 - 6*c + 67. What is the units digit of h(5)?
2
Let a(r) = 5*r. Let w = 0 - -6. Let b be a(w). Suppose 2*f + 12 = b. What is the units digit of f?
9
Let p = -23 + 123. What is the hundreds digit of p?
1
Let p(h) = 942*h + 144. What is the hundreds digit of p(3)?
9
Let l be (-4)/1 + (245 - -9). Suppose -3*g + 30 = q - 7*g, -l = -5*q - 5*g. What is the tens digit of q?
4
Let q(u) = -u**2 + 5*u + 4. Let h be q(5). Suppose -3*x = -x + h*t - 20, 0 = x - t - 19. What is the units digit of x?
6
Suppose -4589 = -4*t + m, 3*t + 0*t - 3429 = 5*m. What is the hundreds digit of t?
1
Suppose 3*x - 3*x = 9*x. Suppose -4*q + 12 = x, 2*a + 5*q - 20 = q. What is the units digit of a?
4
Let i = 142 - 382. Let k = -157 - i. What is the tens digit of k?
8
Let a be ((-44)/5)/(24/(-60)). Suppose h + a - 13 = 0. What is the units digit of 3/1*(-8 - h)?
3
Let u(a) = 178*a + 6. Let w be u(2). Suppose 2*c = -5*j + 571, 188 = 5*j - 5*c - w. What is the tens digit of j?
1
Let b be 1*3*60/45. Suppose 5*i + 2*k - 81 = 3*k, 4*k - 60 = -b*i. Let t = 31 - i. What is the tens digit of t?
1
Suppose -4*c + 3*c = -69. Suppose 4*s = s + c. What is the units digit of s?
3
Suppose -3*l + 265 = 2*l + 4*o, 0 = -4*l - 5*o + 221. What is the units digit of l?
9
Let h(m) = 2*m**2 - 5*m - 8. Let n(g) = g**2 + 16*g - 10. Let k be n(-17). Let a be h(k). Let p = a + -29. What is the units digit of p?
6
Let f(a) = 25*a - 3. Let n = 6 - 5. What is the units digit of f(n)?
2
Let a(s) = -649*s**3 + s**2. What is the tens digit of a(-1)?
5
Let m(q) = -3*q - 12. Suppose -c = -5*c - 24. Let o(f) = 2*f + 11. Let z(n) = c*o(n) - 5*m(n). What is the units digit of z(11)?
7
Let x be (-1474)/(-10) + (-1 - 16/(-10)). Suppose -x = 10*p - 948. What is the units digit of p?
0
Suppose -5*k + 194 + 56 = 0. Suppose k + 58 = 4*l. What is the tens digit of l?
2
Suppose 2*d + 5*j = 0, -4*d + 2*d = 3*j - 4. Let t(u) = 2*u - 1. What is the units digit of t(d)?
9
Let y(v) = 22*v - 24. Let u be y(26). Let n = -324 + u. What is the units digit of n?
4
Let w be 1/((-6)/4 - -2). Suppose j - 6*j + 300 = r, r = -w*j + 123. Suppose 0 = 4*k + 20, 4*i + 0*i - j = -5*k. What is the tens digit of i?
2
Suppose 14 = 3*t - 2*y, 0 = 2*y + 1 - 5. Let a = 4 - t. What is the tens digit of (a - 1)/(-3)*21?
2
Let x(y) = -13*y + 8. Let h(u) = -84*u + 52. Let g(a) = -5*h(a) + 32*x(a). Suppose 1 + 17 = 3*p. What is the tens digit of g(p)?
2
Let i = 42 + -11. Let k = 76 - i. What is the tens digit of k?
4
Suppose 6054 = 6*u - 5130. What is the units digit of u?
4
Let k be (42/15)/(2*3/30). Suppose 470 = -k*u + 2584. What is the tens digit of u?
5
Let b(h) = h**2 + 4*h + 8. Let k be b(-10). Let r = 185 - k. What is the tens digit of (-2)/13 - (-3528)/r?
3
Suppose 2*f - 10 = 0, 0 = -3*s - 3*f + 72 + 3. Let r = -33 + s. Let c = r + 28. What is the tens digit of c?
1
Suppose 3*y = -2 + 14. Suppose -9 = -5*x - y*w, 26 = -4*x + 4*w + 62. Suppose -4*z - z - 3*f + 123 = 0, 5*z = x*f + 155. What is the units digit of z?
7
Let b(t) = 0*t - 1 + 2*t + 2*t**2 + 18*t**3 - 29*t**3. What is the tens digit of b(-2)?
9
Suppose -2*y = -2*g - 4*y - 18, -1 = g - y. Let v = 4 + -2. What is the units digit of g/(-2)*v*2?
0
Let d = -59 - -82. Suppose -78 = -3*q - 4*g, -164 + d = -5*q - 3*g. What is the units digit of q?
0
Suppose 9*h = 7*h. Suppose -3*f + 163 + 758 = h. What is the hundreds digit of f?
3
Suppose l - 6*l - 65 = 0. Let o = l - -18. Suppose -o*j + 16 = -4, 3*x - j = 53. What is the tens digit of x?
1
Suppose -2*c - 3*c = -20. Suppose c*a + a - 2*v - 21 = 0, 5*a + 3*v - 6 = 0. Suppose -3*b - 5*n + 39 = 0, -n + a*n = 5*b - 96. What is the units digit of b?
8
Suppose -2022 = 491*t - 493*t. What is the hundreds digit of t?
0
Let s = 17 - -8. Let v = s + -22. What is the units digit of v?
3
Let b(q) = 2*q**2 - 6*q + 6 - 40 + 3*q**2 - 4*q**2. What is the tens digit of b(-10)?
2
Suppose x - 2*p = -6*p - 12, 5*p + 15 = -5*x. Let l = 13 - -15. Suppose x = 2*f - l - 34. What is the tens digit of f?
3
Let d = -697 + 1601. What is the hundreds digit of d?
9
Let w(j) = -4*j - 1 - 17*j**2 + 16*j**2 - j**3 - 3. What is the units digit of w(-4)?
0
Let l = 570 + 282. What is the hundreds digit of l?
8
Suppose -4*b = -3*u - 15, 1 = b - 4*u - 6. Suppose 4*f = b*r + 379, -3*r = -f - 7*r + 71. What is the units digit of f?
1
Let a(f) = 3*f**2 + f + 157. What is the units digit of a(0)?
7
Let g(c) = -5*c**3 + 2*c**2 - 3*c + 2. Let d be g(3). Let s = -73 - d. Suppose 9*n = j + 4*n + 6, -4*j + 5*n = -s. What is the tens digit of j?
1
Let a(q) = -170*q + 92. What is the hundreds digit of a(-12)?
1
Let z(m) = m**3 + 6*m**2 + 6*m. Let u be z(-4). Let r be 176/30 + u/60. Suppose 0*l + r = 2*l. What is the units digit of l?
3
Let g(p) = 1 + 12*p**3 - 5*p - p**2 - 4 - 40*p**3 - 4. What is the hundreds digit of g(-2)?
2
Let i(f) = 2*f - 2 - 6*f**2 + 2*f + f**3 - 7. Let n = -50 + 56. What is the tens digit of i(n)?
1
Let s = 207 + 447. What is the hundreds digit of s?
6
Let o(b) = 4*b**3 - 2*b**2 + 7*b + 1. Let g(n) = n**2 - 8*n - 17. Let k be g(10). What is the units digit of o(k)?
2
Let g = -478 - -914. What is the units digit of g?
6
Let d(q) = 3*q**2 + 6*q - 18. What is the hundreds digit of d(8)?
2
Suppose 6120 = -0*q + 8*q. Suppose -p = 4*p - q. What is the tens digit of p?
5
Let h(i) = -97*i**3 - 3*i**2 - 4*i + 1. What is the units digit of h(-2)?
3
Let g(r) = -r**2 - 9*r + 14. Let q be g(-10). Suppose 0 = 3*w - q + 19. Let o = w + 7. What is the units digit of o?
2
Let c(o) = 3*o**3 - 9*o**2 - 3*o + 1. Let m(a) = a**3 + 6*a**2 - a + 7. Let p be m(-6). Suppose p + 11 = 6*f. What is the tens digit of c(f)?
3
Suppose 792 = 63*z - 30*z. What is the tens digit of z?
2
Suppose 611 = 73*r - 4499. What is the tens digit of r?
7
Let i be 2 + -1 - (2 - 1). Suppose -3*h = -6*h + 15. Suppose 2*j - h - 61 = i. What is the tens digit of j?
3
Let x(j) = -j**2 + j + 9. Let q(i) = i**3 - 16*i**2 + 14*i + 15. Let w be q(15). Let r be w/(2 + 2 + -2). What is the units digit of x(r)?
9
What is the hundreds digit of ((-1935)/(-20))/(7/1176*9)?
8
Let x(j) = 3*j**2 - 5*j + 10. Let l(f) = 5*f**2 - 9*f + 21. Let m(s) = -4*l(s) + 7*x(s). What is the tens digit of m(7)?
4
Suppose 0 = -4*x + r - 37, 2*x - 5*r = 4*x + 35. Let v = 107 + x. What is the tens digit of v?
9
Suppose 3 - 8 = 5*h, -3*v = 3*h - 36. Let i = v - 8. Suppose i*z = -b + 2 + 33, -4*z - 3*b = -17. What is the units digit of z?
8
Let v = 22 + -19. Suppose -v*r = 3*w - 9, -2*r + 0 + 16 = 4*w. Suppose 102 = w*y - 88. What is the units digit of y?
8
Let f(g) = 5*g**2 - 61*g - 14. Let a(w) = -2*w**2 + 30*w + 7. Let r(v) = -7*a(v) - 3*f(v). What is the tens digit of r(-18)?
5
Suppose w - 13*w = -3060. What is the tens digit of w?
5
Suppose -5 = 5*h, 4*u + 0*h - 201 = -3*h. What is the tens digit of u?
5
Suppose 2*w - 24*w = -9966. What is the tens digit of w?
5
Let w = -1737 + 3813. What is the hundreds digit of w?
0
Let a(c) = 2*c - 6. Let j be a(-6). Let i(t) = t**2 - 6*t - 4. Let n be i(6). What is the units digit of 2299/99 - n/j?
3
Suppose -w = -5*w + 12. Suppose w*j - 168 + 6 = 0. What is the units digit of j?
4
Let c(y) be the first derivative of 11*y**3/3 + 2*y**2 + y - 8. What is the tens digit of c(-2)?
3
Let j = -3186 - -5521. What is the thousands digit of j?
2
Suppose 17*w = 14*w + 2*b + 962, -3*b - 1604 = -5*w. What is the hundreds digit of w?
3
Suppose 11*n - 7*n = 40. Let i = -5 + 10. Suppose 0 = -c + n + i. What is the tens digit of c?
1
Let k = 11 - 14. Let m = -2 + k. What is the units digit of (-2 + 24/20)*m?
4
Suppose -18 + 2 = -4*q. Suppose t - q = 3. What is the units digit of ((-7)/4)/(t/(-28))?
7
Suppose -9 = 3*y, 0*y = 4*g - 2*y - 70. Let k = 36 - g. What is the units digit of k?
0
Suppose -468 - 633 = -d. What is th